= u*v. What is the units digit of v?
1
Let g = 30 - 28. What is the tens digit of (-1*g)/((-2)/28)?
2
Let d(t) = -10 - 4*t**2 + t**3 + 13*t - 3*t**3 + 3*t**3 - 8*t**2. Let f = -20 + 31. What is the units digit of d(f)?
2
Suppose -3*s + 2368 = -d, -9*s + 1580 = -7*s - 2*d. What is the hundreds digit of s?
7
Let i be 1 + 6 + (-13)/13. Let f(d) = d**3 - 7*d**2 + 6*d + 2. Let t be f(i). Suppose 8 = -0*y + t*y. What is the units digit of y?
4
Let h(o) = -6*o + 9. Let p be h(5). Let s = 24 + p. What is the tens digit of (3/(-2))/(s/(-34))?
1
Let i = 123 - 6. Let r = 198 - i. What is the tens digit of r?
8
Let y be 2*(-6)/15*-5. Let f be y/10 + (-69)/(-15). Suppose 0 = k - f*v - 30, 2*v - 53 = -3*k + 20. What is the units digit of k?
5
Suppose 3*o - 2*f = 457, 124 = 4*o - 3*o + 5*f. Let v = o - 103. What is the units digit of v?
6
Let u be (-173)/(-5) - (-4)/10. Suppose -5*o - 65 = -2*h - 3*h, -h = -3*o - u. Let l(x) = -2*x + 4. What is the tens digit of l(o)?
2
Let l be (1 + 5/(-3))/(4/(-750)). Let z be 2/(-5) + (-2)/(-5). Suppose z = -r + 6*r - l. What is the tens digit of r?
2
Suppose 0 = 4*x + 3*t + 4 + 3, -28 = -4*x + 4*t. Suppose -x*u - 156 = -4*u. What is the tens digit of u?
7
Suppose 3*a - 9*d = -13*d + 3867, -2*a - 4*d = -2578. What is the tens digit of a?
8
Let b = 452 + -100. What is the units digit of b?
2
What is the hundreds digit of (4/4*-35)/((-1)/59)?
0
Let g(s) = 32*s**2 - 3*s - 39. What is the hundreds digit of g(-6)?
1
Suppose 4*b - 13 = 23. Suppose -2*a + b = 3*l, 4*a = a - 5*l + 15. Let v = 6 - a. What is the units digit of v?
6
Let y(k) = -2*k**3 - 6*k**2 - 6*k - 11. Let z = -8 + 12. Suppose 7 = -z*l - 9. What is the units digit of y(l)?
5
Let b be 2/(-4)*13*3*-2. What is the tens digit of ((-12)/5)/(b/(-520))?
3
What is the tens digit of (-17)/((-204)/144)*(0 + 99)?
8
What is the units digit of 117/(-91) + 4/14 - -25?
4
Let u = -614 - -290. Let v = -172 - u. What is the tens digit of v?
5
What is the units digit of (-187)/(-1) - 63/(-63)?
8
Suppose -2*r + 170 = -58. Let v = r - 68. What is the units digit of v?
6
Let q be 8/2 + (2 - (-7)/1). Suppose -q*f + 1130 = -3*f. What is the hundreds digit of f?
1
Let k = 17 + -127. Let m = 315 + k. What is the units digit of m?
5
Let m = -1411 + 2403. What is the units digit of m?
2
Let g = 98 + -51. Let w = 2 + g. What is the tens digit of w?
4
Let p(y) be the first derivative of -y**4 - y**3 - 5*y**2/2 + 4*y - 11. What is the hundreds digit of p(-4)?
2
Let j(t) = t**2 + t + 1. Let o(d) = 5*d**2 + 20*d + 23. Let i(b) = -3*j(b) + o(b). What is the tens digit of i(-10)?
5
Let x be (0 - -7 - 1) + -4. Suppose -z - 78 = -x*z. What is the tens digit of z?
7
Let x be -21 - (-3 - -2)/((-2)/2). Let b = 129 - x. What is the tens digit of b?
5
What is the tens digit of 1594/5 - (0 - (-12)/(-60))?
1
What is the hundreds digit of (-54)/729 + 34402/54?
6
Let u = 102 - 89. Suppose u*d - 11*d - 672 = 0. What is the units digit of d?
6
Suppose 11*j = 19238 + 3884. What is the hundreds digit of j?
1
Let x(d) = 2*d**3 - 6*d**2 - 3*d + 3. Suppose 2*f - 8 - 2 = 0. What is the tens digit of x(f)?
8
Let g = -23 + 48. Suppose 4*t + t = -g. What is the tens digit of (-2)/(-2) + (t - -67)?
6
Suppose -2*c = 4*s + 286, 0 = 4*c - 2*s - 2*s + 524. Let n = -74 - c. What is the units digit of n?
1
Let b = -248 + 712. What is the units digit of b?
4
What is the thousands digit of (-111)/37 - (-2 + -2896)?
2
Let c = 9842 - 5464. What is the units digit of c?
8
Suppose 6*g = -2*m + 7*g + 2252, 0 = -4*m + 5*g + 4504. What is the hundreds digit of m?
1
Let s(a) be the first derivative of -a**4/4 + a**3/3 + 65*a - 8. What is the units digit of s(0)?
5
Let r(f) = -f**2 - 19*f + 2. Let v be r(-19). Let j be 2 + (-2 - -3 - -2). Suppose -j*h + a + 32 = 0, h - v*a - 16 = -h. What is the units digit of h?
6
Let p(x) = 6*x**3 - x**2 + x. Let o(u) = -u**2 + 10*u + 13. Let n be o(11). Suppose -1 = 5*j - n*h, 0 + 15 = 5*h. What is the units digit of p(j)?
6
What is the thousands digit of ((-10070)/(-3) - 3) + 7/21?
3
Let g(k) = -k**2 - 6*k - 2. Let b be g(-4). Let f(m) = -2*m + 9. Let l(t) = -4*t + 18. Let c(p) = b*l(p) - 13*f(p). What is the units digit of c(7)?
5
Let a = 37 + -31. Suppose -p = -3*p - a, -5*z - 100 = -5*p. Let i = z + 32. What is the units digit of i?
9
What is the hundreds digit of (4 - 1)*(-116071)/(-447)?
7
Let c = 4 - 9. Let j be (-14)/(-5) + (-1)/c. What is the units digit of (-1)/j + (-124)/(-3)?
1
Suppose 3*k = d - 3*d + 308, -2*k - d = -204. Suppose 0 = -4*h, -4*l = -h + 4*h - k. What is the tens digit of l?
2
Suppose 1988 = 3*s + 5*l, 5*s - 2132 = -5*l + 1198. What is the units digit of s?
1
Suppose 5*g - 12 - 22 = 2*n, 5*n + 5*g + 15 = 0. Let d = 25 - -3. What is the units digit of (-170)/n - 8/d?
4
Let g(u) be the second derivative of -3*u**5/20 + u**4/4 - u**3/2 + u**2/2 - 4*u. Let o be g(2). Let t = -12 - o. What is the units digit of t?
5
Let p = -1139 + 2303. What is the hundreds digit of p?
1
Suppose -13 + 18 = q. Suppose -43 = -3*x + q. What is the units digit of x?
6
Suppose 5*n + g = 43, -g + 19 = -0*n + 2*n. Suppose n*m = 7*m + 129. What is the hundreds digit of m?
1
Suppose -2*z = -6*z + 12. Suppose -3*n = -z*d + 222, 12 - 170 = 2*n + 3*d. Let x = 139 + n. What is the tens digit of x?
6
Suppose -5*s - 235 = -0*r - 5*r, 2*s = 4*r - 182. Let b = 106 - r. What is the units digit of b?
2
Suppose 5*r + 46 = -24. Let f = -190 - 304. What is the tens digit of f/r - 2/7?
3
Let h(t) = 8*t**2 + 1 - 10*t**2 + 2*t**3 - 4*t**3 - 4*t**3. What is the units digit of h(-3)?
5
Suppose -3*m + 15 = w, -m - 4*w + 4 = -1. Suppose 0 = -0*s - m*s. Suppose 27 = 3*n - s. What is the units digit of n?
9
Let b(i) = 12*i**3 + 4*i**2 - 4*i + 6. What is the tens digit of b(4)?
2
Let m be 8/44 - 163/(-11). Let k be (-4)/(-3) + (-965)/m. Let a = 107 + k. What is the units digit of a?
4
Suppose 4*m = -0*m + 12. Suppose 0 = 5*y - m*y - 68. What is the units digit of y?
4
Let b(s) = 12*s**2 - 5*s + 3. Let u be b(-3). Suppose 5*q - 171 + 15 = 2*y, 0 = -4*q + y + u. What is the units digit of q?
2
Let r = -4 - -12. What is the units digit of (-2844)/(-48) + (-2)/r?
9
Suppose 3*r + r = -g + 17, 0 = 3*r + 2*g - 19. What is the units digit of (3 - -38) + r - 4?
0
Let o(r) = -r**3 - 5*r**2 + 1. Let x be o(-5). What is the hundreds digit of (x - 0)/((-14)/(-4438))?
3
Let i = -141 - -115. What is the hundreds digit of (-1)/(446/(-1090) - i/65)?
1
Let i be 2*(-2 - (-18)/4). Suppose 6 = -i*m + 8*m. Suppose 4*j - 2 = m*h + 14, -3*h = j - 11. What is the units digit of h?
2
Suppose 0 = -5*x - 495 + 1585. Suppose -7*f + 132 = -x. What is the tens digit of f?
5
Let k = 11 - 16. Let r be (k/2)/(5/(-4)). Suppose -g - 43 = -r*g. What is the units digit of g?
3
Suppose 2*q = -2*l + 3680, -6*q + 3*l = -8*q + 3683. What is the hundreds digit of q?
8
Let f be 1/(((-2)/16)/((-3)/6)). What is the tens digit of f/(-20) - (-2433)/15?
6
Let i(v) = 307*v - 31. What is the tens digit of i(2)?
8
Suppose -2*p - 2*z + 1720 = 0, 2*z - z = -3*p + 2588. What is the units digit of p?
4
Suppose -6*u - 235 - 689 = 0. Let a = u - -227. What is the units digit of a?
3
Let o be ((-6)/5)/((-11)/(-55)). Let c be (-4)/o + 1960/(-15). Let h = c - -188. What is the units digit of h?
8
Suppose 5*l + 4 - 14 = 0. Suppose -16 = -4*v + x + l, -5*v - 2*x + 29 = 0. Let m = 14 + v. What is the units digit of m?
9
Let d = -9 + 8. Let u be (154/(-10))/(d/5). Let r = u + -44. What is the units digit of r?
3
What is the tens digit of 76206/42 + (-64)/(-112)?
1
Suppose -5*l - 23 = -2*t, -3 = 2*t + 3*l - 2. Suppose -75 = -t*k + 65. What is the tens digit of k?
3
Suppose 0 = -5*k + 5*w + 10, 0 = 2*k - 8*w + 3*w + 2. Let n(a) = -2*a**2 + 5*a + 5*a**2 - 2 - 2*a**2. What is the tens digit of n(k)?
3
Let j(r) = -29*r - 52. What is the tens digit of j(-14)?
5
Let r = 806 - -1096. What is the units digit of r?
2
Let x = 245 - 241. Suppose -5*h + 13 = 2*j - 7, -16 = -4*h + 4*j. What is the units digit of h/(1/(16/x))?
6
Let u be (-1)/(((-1)/(-3))/(-1)). Suppose -u*x + 35 = -5*f, -69 = -x - 4*x + 3*f. What is the units digit of x?
5
Let u(d) = -2*d**3 + 38*d**2 + 11*d - 51. What is the units digit of u(18)?
5
Suppose 0*l - 280 = -5*l. Let o = l - 40. What is the units digit of o?
6
Suppose 